= -o*y - 9. Let m(t) = t**2 + 8*t + 7. Let d be m(y). Calculate the highest common factor of d and 24.
8
Let z(b) = b**3 - b**2 + 3*b - 3. Let h be z(3). Let x = 36 - -132. What is the highest common factor of x and h?
24
Let p(h) = 2*h + 27. Let y be p(-11). Calculate the highest common divisor of y and 2.
1
Let u be (-16 - -19) + 3/((-3)/(-7)). What is the greatest common divisor of u and 2?
2
Let l be (-2)/(-1)*(-24)/(-2). Suppose -4*p - 2*a = 3*a - 154, p - 2*a - 32 = 0. Calculate the greatest common factor of l and p.
12
Let c(s) = s**2 - 4*s + 1. Let m be c(4). Let g be (-3)/((-3)/(-6) + m). Let t be 4/(-6)*(g + -13). What is the highest common divisor of 80 and t?
10
Suppose 0*a = 4*a - 64. Calculate the greatest common factor of a and 8.
8
Let n = -2 + 5. Suppose -4*k - 4*c - 2 = -6*k, -4*k - n*c = -26. Calculate the highest common factor of k and 25.
5
Let o = 118 + -82. Suppose 2*c + 3*m = -0*c + 10, -3*c = -3*m. Suppose -j = j - 4*w - 68, 2*w - 38 = -c*j. Calculate the greatest common factor of o and j.
12
Suppose -x = -2*x + 11. Suppose b - 189 = 40. Let j = b - 141. What is the highest common divisor of x and j?
11
Suppose -y + 6 = 3. Suppose -5*h + 12 = -y, -3*w = -4*h - 24. Calculate the greatest common divisor of w and 84.
12
Suppose 2*f = -0*f + 100. Let t be (11 - 3)/4 + 63. Let r = -45 + t. Calculate the highest common factor of f and r.
10
Let z = -73 - -126. Let h = z - 35. What is the highest common divisor of h and 3?
3
Suppose -84 = -4*k + 2*p, 4*p = 5*k + p - 107. Suppose -k = -o - 4. What is the greatest common divisor of 75 and o?
15
Suppose 0 = -5*y - 36 - 59. Let q = y - -31. What is the highest common factor of 30 and q?
6
Let h(q) = q**2 - 13*q + 15. Let z be h(8). Let r = -16 - z. Calculate the highest common factor of r and 72.
9
Suppose 0*n - 5 = -n. Let p(z) = -2*z - 1. Let f(v) = -4*v - 2. Let u(d) = n*p(d) - 3*f(d). Let o be u(1). What is the highest common factor of 2 and o?
1
Let s be (-1)/7 + 127/7. Suppose 4*n - z = 160, -2*n + 62 + s = -4*z. What is the greatest common divisor of 10 and n?
10
Let w = 10 - 14. Let u(l) = l**3 + 5*l**2. Let g be u(w). What is the greatest common divisor of g and 144?
16
Suppose 0 = -s - 2*q + 6, 0*s = -s + 3*q + 1. Suppose -z = -s*z + 42. Calculate the greatest common factor of 42 and z.
14
Let i = 12 + -6. Let w = 12 - i. What is the greatest common factor of w and 6?
6
Let j be (-16)/10*10/(-4). Let l be 36/10 + 2/5. Let g(v) = 3*v - 2. Let q be g(l). Calculate the greatest common factor of j and q.
2
Let k = -3 + 18. Let l(t) = t**3 - 3*t**2 + 2*t - 9. Let p be l(4). What is the greatest common divisor of p and k?
15
Suppose 2*a = 15 + 1. Calculate the highest common factor of 4 and a.
4
Let n(a) = a + 21. Let g be n(0). Let w = 3 + 1. Suppose 4*u + 11 - 46 = -5*j, 0 = -2*j + 2*u - w. Calculate the highest common divisor of g and j.
3
Suppose 0 = 2*j + j - 48. What is the greatest common factor of 24 and j?
8
Let g be 33*(-1)/6*-2. Let s = 234 + -157. Calculate the greatest common divisor of g and s.
11
Let g(v) = -v**3 - 17*v**2 - 17*v + 12. Let r be g(-16). Calculate the highest common divisor of 98 and r.
14
Let v(s) = 46*s - 4. Let p be v(-3). Let j = p - -214. Let f = 7 + 1. Calculate the greatest common divisor of j and f.
8
Let w(z) = -2*z + 72. Let t be w(13). What is the greatest common factor of t and 92?
46
Let s = -11 - -17. Let h(y) = y + 2. Let j be h(s). Let c = j - -7. What is the greatest common factor of 120 and c?
15
Let b = -7 - -9. Suppose 2*f - b = 20. What is the greatest common divisor of f and 121?
11
Suppose 0 = 2*b + 9 - 29. Let u be (-40)/16*(-32)/b. What is the greatest common divisor of u and 8?
8
Let b = -125 - -133. What is the highest common divisor of 88 and b?
8
Let x = -137 - -250. Suppose -4*i = 17 - x. What is the highest common divisor of 8 and i?
8
Let i = 10 - 6. Let a = i - -28. Calculate the highest common factor of 80 and a.
16
Suppose 0*w + 2*w - 4 = 0. Suppose 81 = w*q + 1. What is the highest common divisor of q and 5?
5
Let v(g) = g**3 - 7*g**2 - 6*g - 8. Let j be v(8). Let w = j + -10. Let k be (-6)/6 + (-14)/w. Calculate the greatest common factor of k and 9.
3
Suppose -4*a + 9*a = 0. Suppose a*d - 4*d - 3*t = -45, 20 = -4*t. What is the highest common factor of 5 and d?
5
Let s be 4*(0 - (4 + -6)). Calculate the greatest common factor of 8 and s.
8
Let u be ((-10)/(-3))/((-2)/(-72)). Suppose u = 2*o - 104. Let t = 54 + -38. What is the greatest common divisor of o and t?
16
Let a = -52 + 63. Let s(u) = 2*u - 2. Let k be s(-2). Let v(j) = -j**2 - 13*j - 9. Let c be v(k). Calculate the greatest common divisor of a and c.
11
Let x be (-28)/12*1*-48. Let u = x - 60. What is the greatest common factor of u and 13?
13
Let a be 102 + 1 - -1*1. Let q be ((-3)/(-9))/(((-5)/(-78))/5). What is the greatest common factor of q and a?
26
Let b(t) = -t + 30. Let l be b(6). Calculate the highest common factor of 3 and l.
3
Let c = 5 + 0. Suppose c*f = 9 + 1. Suppose 0 = k + k - f. What is the greatest common factor of 3 and k?
1
Let r = -14 + -8. Let q be 4/22 - 172/r. What is the highest common factor of q and 24?
8
Let z be (-143)/(-121) - 2/11. What is the greatest common factor of z and 9?
1
Let m be 14/14 - 98/(-1). Calculate the greatest common factor of m and 9.
9
Let o = -4 + 4. Suppose -2*z = l - o + 1, 0 = -z + 5*l - 28. Let r = 5 + z. What is the highest common divisor of r and 5?
1
Let v = -82 + 83. Let a be (-4)/(-3) - 1/3. What is the highest common factor of v and a?
1
Let g be -1*(-24)/(-30)*(-170)/4. Calculate the greatest common factor of g and 306.
34
Suppose -5*j + 7 + 143 = 0. What is the highest common factor of j and 75?
15
Suppose 5*m + 2*g = 156, m - 84 = -2*m + 2*g. What is the highest common factor of 90 and m?
30
Let x(y) = 43*y**3 - 2*y**2 + 2*y - 1. Let d be x(1). Suppose l - 1 - 5 = 0. What is the highest common factor of d and l?
6
Suppose -4*d = -16 - 16. Calculate the highest common factor of d and 24.
8
Let u be 7/28 + (-186)/8. Let h = u + 38. What is the greatest common divisor of 105 and h?
15
Suppose -3*n + 2*m + 45 = 2*n, -4*n - 2*m = -18. Calculate the highest common divisor of 35 and n.
7
Suppose 17 = 2*a + 1. What is the highest common divisor of a and 8?
8
Let r = 19 + -9. Let u = r - -182. What is the greatest common factor of u and 24?
24
Suppose 4*o + 5*v = 69, -5*v - 13 - 2 = 0. Let l = -49 + 112. Calculate the highest common factor of o and l.
21
Suppose -5*z + 4*z = -16. Let h(r) = -4*r**2 - 5*r - 4. Let g be h(-4). Let p = -8 - g. What is the highest common divisor of p and z?
8
Suppose -2*m = 3*m - 5*k - 15, -3*m + 2*k + 13 = 0. What is the greatest common factor of m and 63?
7
Let d be (1/(6/(-22)) - -4)*54. Calculate the greatest common factor of 198 and d.
18
Suppose 0*t - 1650 = -10*t. Calculate the greatest common divisor of 33 and t.
33
Let f(p) = p. Let l be f(2). Let o be 6/18 - (-269)/3. Suppose 5*g = -0*g + o. Calculate the greatest common factor of g and l.
2
Let m be 6/4*12/9. Suppose 2*b - 158 = j, -m*b + 242 = b + j. What is the greatest common factor of 32 and b?
16
Let w(q) = q**3 + 4*q**2 - 19*q - 33. Let d be w(-6). What is the highest common divisor of d and 81?
9
Let g = 172 + -108. Let a be (-12)/(-8) - 2/(-4). Let k be (16/6)/(a/6). What is the greatest common factor of k and g?
8
Let p = -29 - -41. Suppose -3*c = -5*c - 382. Let g = c + 275. Calculate the highest common factor of g and p.
12
Suppose 0 = p - 3*p + 4. Calculate the greatest common divisor of p and 16.
2
Suppose -j - 2 = -5. Suppose j*q + q = 60. Let y be ((-42)/q - 0)*-5. What is the highest common divisor of 126 and y?
14
Let p be ((-2)/3)/((-2)/(-234)). Let d be p/(-9) - (-2)/6. Suppose v - 400 = -5*s, -8*s = -3*s + 4*v - 385. What is the highest common factor of d and s?
9
Let u = 23 - 8. Let f(v) = v**2 + 7*v - 10. Let p(l) = 2*l - 3. Let s(b) = 2*f(b) - 7*p(b). Let d be s(-1). Calculate the greatest common factor of u and d.
3
Let w = -14 - -54. Calculate the greatest common factor of 20 and w.
20
Suppose i + 5 = -4*i, 3*f = 3*i + 39. Suppose -4*t + 1 + 23 = 0. Calculate the highest common divisor of t and f.
6
Suppose 14 = -0*r + r. Calculate the greatest common factor of 14 and r.
14